{"id":174,"date":"2026-03-15T22:23:08","date_gmt":"2026-03-15T21:23:08","guid":{"rendered":"https:\/\/www.folkloracity.cz\/?page_id=174"},"modified":"2026-04-12T18:24:43","modified_gmt":"2026-04-12T16:24:43","slug":"lidove-motivy-ve-vytvarne-tvorbe","status":"publish","type":"page","link":"https:\/\/www.folkloracity.cz\/index.php\/lidove-motivy-ve-vytvarne-tvorbe\/","title":{"rendered":"Lidov\u00e9 motivy ve v\u00fdtvarn\u00e9 tvorb\u011b"},"content":{"rendered":"\n<h2 class=\"wp-block-heading\">Lidov\u00e9 motivy ve v\u00fdtvarn\u00e9 tvorb\u011b<\/h2>\n\n\n\n<p>\ud83d\udcc6 Term\u00edn: <strong>18. dubna 2026<\/strong><\/p>\n\n\n\n<p>\ud83d\udccdM\u00edsto kon\u00e1n\u00ed: <strong>Radnick\u00e1 10, Brno &#8211; Institut Pam\u011bti n\u00e1roda Brno<\/strong><\/p>\n\n\n\n<p>\ud83d\udd58 Harmonogram<\/p>\n\n\n\n<p>10:30 \u2013 12:30 Teoretick\u00e1 \u010d\u00e1st<\/p>\n\n\n\n<p>12:30 \u2013 13:30 Ob\u011bd<\/p>\n\n\n\n<p>13:30 \u2013 17:30 Praktick\u00e1 \u010d\u00e1st<\/p>\n\n\n\n<p>\ud83d\udcc4 P\u0159ihl\u00e1\u0161kov\u00fd formul\u00e1\u0159: <a href=\"https:\/\/l.facebook.com\/l.php?u=https%3A%2F%2Fforms.gle%2FJMUYE7TxtWhQDKdg7%3Ffbclid%3DIwZXh0bgNhZW0CMTAAYnJpZBExcFRmeXNtNGI2V2FTVWlFcHNydGMGYXBwX2lkEDIyMjAzOTE3ODgyMDA4OTIAAR5eZvN6m2reaW7sSSgsmDlYuI3HekfVdNjLJoJk-29Aot8pw1g8mWpPqbfMug_aem_3z1RsqsNXTtP7wQFdYgqqg&amp;h=AT5F7dPqiYIu53TdytNCfbJW6yv6HqZveuWIynWA-vodxrzbxkAyEC_zG_xz2EnVb-WbdyjhWEg2YHWzR7Jw1vHbRVVJ1N14mhhhw1gOWW3q5I5iOePAJfF9pn4F84LaVBI4kppZvt58DPTSFirJB7cpvfTvxw&amp;__tn__=q&amp;c[0]=AT4adTsf7Eg9IXmD5SU3aKKTuUzbLYEQ6DaSFtwwJTaBlWga3j2Bnv1HOzjCkcyc4F7SSQzZRTFM5dfoTPch5rW45z_U2lk-HUNI7eihr-oIj2pGQuZCorSMY_fylvKDSnqyZJ6Yhk9qTdEu_wdSguBd-kqyEh5Iiu4\">https:\/\/forms.gle\/JMUYE7TxtWhQDKdg7<\/a><\/p>\n\n\n\n<p>\u270d\ufe0f <strong>Popis<\/strong><\/p>\n\n\n\n<p>Jednodenn\u00ed workshop pro v\u0161echny, kte\u0159\u00ed tvo\u0159\u00ed nebo by cht\u011bli tvo\u0159it v\u00fdtvarn\u00e1 d\u00edla inspirovan\u00e1 lidov\u00fdmi motivy a cht\u011bj\u00ed na\u010derpat nov\u00e9 zku\u0161enosti a inspiraci.<\/p>\n\n\n\n<p>Spole\u010dn\u011b se nau\u010d\u00edme vn\u00edmat kompozici, vztah mezi obrazem a p\u0159\u00edpadn\u00fdm textem a uk\u00e1\u017eeme si, jak tradi\u010dn\u00ed motivy mohou v\u00e9st dialog se sou\u010dasn\u00fdm v\u00fdtvarn\u00fdm jazykem. V \u00favodu se nech\u00e1me inspirovat uk\u00e1zkami lidov\u00e9ho um\u011bn\u00ed i sou\u010dasn\u00e9 autorsk\u00e9 tvorby, pov\u00edme si n\u011bco o tom, jak funguje rytmus, kontrast, symbolika a pr\u00e1ce s tvarem i barvou, a kr\u00e1tce nahl\u00e9dneme do historick\u00fdch souvislost\u00ed.<\/p>\n\n\n\n<p>V z\u00e1plav\u011b kurz\u016f AI a po\u010d\u00edta\u010dov\u00e9 grafiky se v praktick\u00e9 \u010d\u00e1sti naopak vr\u00e1t\u00edme k ru\u010dn\u00ed tvorb\u011b, kter\u00e1 je ide\u00e1ln\u00ed k pochopen\u00ed z\u00e1kladn\u00edch princip\u016f v\u00fdtvarn\u00e9 pr\u00e1ce \u2013 princip\u016f, bez kter\u00fdch se neobejde \u017e\u00e1dn\u00e1 technika, a\u0165 u\u017e tradi\u010dn\u00ed nebo digit\u00e1ln\u00ed.<\/p>\n\n\n\n<p>Pomoc\u00ed kol\u00e1\u017ee, kresby, malby a dal\u0161\u00edch v\u00fdtvarn\u00fdch technik si ka\u017ed\u00fd vytvo\u0159\u00ed vlastn\u00ed autorsk\u00e9 d\u00edlo inspirovan\u00e9 lidov\u00fdmi motivy, kter\u00e9 si odnese dom\u016f.<\/p>\n\n\n\n<p>\ud83d\udd8d\ufe0f V\u0161echny materi\u00e1ly k tvorb\u011b jsou v cen\u011b kurzu.<\/p>\n\n\n\n<p>\u2615\ufe0f Na m\u00edst\u011b bude k dispozici drobn\u00e9 ob\u010derstven\u00ed.<\/p>\n\n\n\n<p>\ud83d\udc68\u200d\ud83c\udfeb <strong>O lektorovi<\/strong><\/p>\n\n\n\n<p>Jan Karl\u00edk je slovensk\u00fd grafik, kter\u00fd stoj\u00ed za vizu\u00e1ln\u00ed identitou MFF Myjava, a tak\u00e9 za \u0159adou knih, ilustrac\u00ed a hudebn\u00edch nosi\u010d\u016f, p\u0159i jejich\u017e tvorb\u011b aktivn\u011b a osobit\u011b \u010derp\u00e1 inspiraci z tradi\u010dn\u00ed lidov\u00e9 kultury. Spolupracuje s Centrem tradi\u010dn\u00ed kultury v Myjav\u011b. Je tak\u00e9 aktivn\u00edm tane\u010dn\u00edkem a tane\u010dn\u00edm lektorem tanc\u016f z Bo\u0161\u00e1ce a Moravsk\u00e9ho Lieskov\u00e9ho. Ve voln\u00e9m \u010dase se v\u011bnuje malov\u00e1n\u00ed obraz\u016f s lidovou tematikou a taky tradi\u010dn\u00ed grafice jako je linoryt a kombinovan\u00e9 techniky.<\/p>\n\n\n\n<p>\ud83d\udc6bPortfolio prac\u00ed: <a href=\"https:\/\/l.facebook.com\/l.php?u=https%3A%2F%2Fjanokarlik.pixenio.com%2F%3Ffbclid%3DIwZXh0bgNhZW0CMTAAYnJpZBExcFRmeXNtNGI2V2FTVWlFcHNydGMGYXBwX2lkEDIyMjAzOTE3ODgyMDA4OTIAAR5hk_Oxo3Qo3W7h467aZuA0kY0VDtA1-rsGO-jA-XsovSNdAUogvliari1KfQ_aem_tVQn57MOFT9DTyssc03q9A&amp;h=AT5M15pE_jzjoWnnxKH2nF5tVwTapsbGHwf0Dgmk-PIxjlmzYsL5zXZNBEtfEWNKk-Qf0F-pCfkjQpzZe3nIYqGb3z9CIHS2y8dXSNGezlHU0WsQIgaXGwSugk5MRpdIXeKwjaaoaOTT9PX-MZ_JVJ5YUTpGEQ&amp;__tn__=q&amp;c[0]=AT4adTsf7Eg9IXmD5SU3aKKTuUzbLYEQ6DaSFtwwJTaBlWga3j2Bnv1HOzjCkcyc4F7SSQzZRTFM5dfoTPch5rW45z_U2lk-HUNI7eihr-oIj2pGQuZCorSMY_fylvKDSnqyZJ6Yhk9qTdEu_wdSguBd-kqyEh5Iiu4\">https:\/\/janokarlik.pixenio.com\/<\/a><\/p>\n\n\n\n<p><\/p>\n\n\n\n<p>\ud83d\udcc6 <strong>Organizace a p\u0159ihl\u00e1\u0161en\u00ed<\/strong><\/p>\n\n\n\n<p> Kapacita: 10 \u00fa\u010dastn\u00edk\u016f<\/p>\n\n\n\n<p>\ud83d\udcb0 Cena: 2200 K\u010d<\/p>\n\n\n\n<p>\ud83d\udcb3 P\u0159ihl\u00e1\u0161ka je platn\u00e1 po uhrazen\u00ed faktury, kter\u00e1 v\u00e1m bude zasl\u00e1na na uveden\u00fd e-mail do 48 hodin od registrace.<\/p>\n\n\n\n<p>\ud83d\udcc6 Registrace kon\u010d\u00ed 11. dubna.<\/p>\n\n\n\n<p>P\u0159ihl\u00e1\u0161kov\u00fd formul\u00e1\u0159: <a href=\"https:\/\/forms.gle\/JMUYE7TxtWhQDKdg7?fbclid=IwZXh0bgNhZW0CMTAAYnJpZBExcFRmeXNtNGI2V2FTVWlFcHNydGMGYXBwX2lkEDIyMjAzOTE3ODgyMDA4OTIAAR7N7pWtb9FW1D5saEhevHPAeT-Gd2IgmsGFQmIUgO6ObNoywsLr7MNfKhLBWA_aem_EJCOhhAmNNWgLExxWlWpJw\">https:\/\/forms.gle\/JMUYE7TxtWhQDKdg7<\/a><\/p>\n\n\n\n<p><\/p>\n","protected":false},"excerpt":{"rendered":"<p>Lidov\u00e9 motivy ve v\u00fdtvarn\u00e9 tvorb\u011b \ud83d\udcc6 Term\u00edn: 18. dubna 2026 \ud83d\udccdM\u00edsto kon\u00e1n\u00ed: Radnick\u00e1 10, Brno &#8211; Institut Pam\u011bti n\u00e1roda Brno \ud83d\udd58 Harmonogram 10:30 \u2013 12:30 Teoretick\u00e1 \u010d\u00e1st 12:30 \u2013 13:30 Ob\u011bd 13:30 \u2013 17:30 Praktick\u00e1 \u010d\u00e1st \ud83d\udcc4 P\u0159ihl\u00e1\u0161kov\u00fd formul\u00e1\u0159: https:\/\/forms.gle\/JMUYE7TxtWhQDKdg7 \u270d\ufe0f Popis Jednodenn\u00ed workshop pro v\u0161echny, kte\u0159\u00ed tvo\u0159\u00ed nebo by cht\u011bli tvo\u0159it v\u00fdtvarn\u00e1 d\u00edla inspirovan\u00e1 [&hellip;]<\/p>\n","protected":false},"author":1,"featured_media":0,"parent":0,"menu_order":0,"comment_status":"closed","ping_status":"closed","template":"","meta":{"footnotes":""},"class_list":["post-174","page","type-page","status-publish","hentry"],"_links":{"self":[{"href":"https:\/\/www.folkloracity.cz\/index.php\/wp-json\/wp\/v2\/pages\/174","targetHints":{"allow":["GET"]}}],"collection":[{"href":"https:\/\/www.folkloracity.cz\/index.php\/wp-json\/wp\/v2\/pages"}],"about":[{"href":"https:\/\/www.folkloracity.cz\/index.php\/wp-json\/wp\/v2\/types\/page"}],"author":[{"embeddable":true,"href":"https:\/\/www.folkloracity.cz\/index.php\/wp-json\/wp\/v2\/users\/1"}],"replies":[{"embeddable":true,"href":"https:\/\/www.folkloracity.cz\/index.php\/wp-json\/wp\/v2\/comments?post=174"}],"version-history":[{"count":6,"href":"https:\/\/www.folkloracity.cz\/index.php\/wp-json\/wp\/v2\/pages\/174\/revisions"}],"predecessor-version":[{"id":202,"href":"https:\/\/www.folkloracity.cz\/index.php\/wp-json\/wp\/v2\/pages\/174\/revisions\/202"}],"wp:attachment":[{"href":"https:\/\/www.folkloracity.cz\/index.php\/wp-json\/wp\/v2\/media?parent=174"}],"curies":[{"name":"wp","href":"https:\/\/api.w.org\/{rel}","templated":true}]}}

Lidové motivy ve výtvarné tvorbě

<h2 class="wp-block-heading">Lidové motivy ve výtvarné tvorbě</h2>



<p>📆 Termín: <strong>18. dubna 2026</strong></p>



<p>📍Místo konání: <strong>Radnická 10, Brno &#8211; Institut Paměti národa Brno</strong></p>



<p>🕘 Harmonogram</p>



<p>10:30 – 12:30 Teoretická část</p>



<p>12:30 – 13:30 Oběd</p>



<p>13:30 – 17:30 Praktická část</p>



<p>📄 Přihláškový formulář: <a href="https://l.facebook.com/l.php?u=https%3A%2F%2Fforms.gle%2FJMUYE7TxtWhQDKdg7%3Ffbclid%3DIwZXh0bgNhZW0CMTAAYnJpZBExcFRmeXNtNGI2V2FTVWlFcHNydGMGYXBwX2lkEDIyMjAzOTE3ODgyMDA4OTIAAR5eZvN6m2reaW7sSSgsmDlYuI3HekfVdNjLJoJk-29Aot8pw1g8mWpPqbfMug_aem_3z1RsqsNXTtP7wQFdYgqqg&amp;h=AT5F7dPqiYIu53TdytNCfbJW6yv6HqZveuWIynWA-vodxrzbxkAyEC_zG_xz2EnVb-WbdyjhWEg2YHWzR7Jw1vHbRVVJ1N14mhhhw1gOWW3q5I5iOePAJfF9pn4F84LaVBI4kppZvt58DPTSFirJB7cpvfTvxw&amp;__tn__=q&amp;c[0]=AT4adTsf7Eg9IXmD5SU3aKKTuUzbLYEQ6DaSFtwwJTaBlWga3j2Bnv1HOzjCkcyc4F7SSQzZRTFM5dfoTPch5rW45z_U2lk-HUNI7eihr-oIj2pGQuZCorSMY_fylvKDSnqyZJ6Yhk9qTdEu_wdSguBd-kqyEh5Iiu4">https://forms.gle/JMUYE7TxtWhQDKdg7</a></p>



<p>✍️ <strong>Popis</strong></p>



<p>Jednodenní workshop pro všechny, kteří tvoří nebo by chtěli tvořit výtvarná díla inspirovaná lidovými motivy a chtějí načerpat nové zkušenosti a inspiraci.</p>



<p>Společně se naučíme vnímat kompozici, vztah mezi obrazem a případným textem a ukážeme si, jak tradiční motivy mohou vést dialog se současným výtvarným jazykem. V úvodu se necháme inspirovat ukázkami lidového umění i současné autorské tvorby, povíme si něco o tom, jak funguje rytmus, kontrast, symbolika a práce s tvarem i barvou, a krátce nahlédneme do historických souvislostí.</p>



<p>V záplavě kurzů AI a počítačové grafiky se v praktické části naopak vrátíme k ruční tvorbě, která je ideální k pochopení základních principů výtvarné práce – principů, bez kterých se neobejde žádná technika, ať už tradiční nebo digitální.</p>



<p>Pomocí koláže, kresby, malby a dalších výtvarných technik si každý vytvoří vlastní autorské dílo inspirované lidovými motivy, které si odnese domů.</p>



<p>🖍️ Všechny materiály k tvorbě jsou v ceně kurzu.</p>



<p>☕️ Na místě bude k dispozici drobné občerstvení.</p>



<p>👨‍🏫 <strong>O lektorovi</strong></p>



<p>Jan Karlík je slovenský grafik, který stojí za vizuální identitou MFF Myjava, a také za řadou knih, ilustrací a hudebních nosičů, při jejichž tvorbě aktivně a osobitě čerpá inspiraci z tradiční lidové kultury. Spolupracuje s Centrem tradiční kultury v Myjavě. Je také aktivním tanečníkem a tanečním lektorem tanců z Bošáce a Moravského Lieskového. Ve volném čase se věnuje malování obrazů s lidovou tematikou a taky tradiční grafice jako je linoryt a kombinované techniky.</p>



<p>👫Portfolio prací: <a href="https://l.facebook.com/l.php?u=https%3A%2F%2Fjanokarlik.pixenio.com%2F%3Ffbclid%3DIwZXh0bgNhZW0CMTAAYnJpZBExcFRmeXNtNGI2V2FTVWlFcHNydGMGYXBwX2lkEDIyMjAzOTE3ODgyMDA4OTIAAR5hk_Oxo3Qo3W7h467aZuA0kY0VDtA1-rsGO-jA-XsovSNdAUogvliari1KfQ_aem_tVQn57MOFT9DTyssc03q9A&amp;h=AT5M15pE_jzjoWnnxKH2nF5tVwTapsbGHwf0Dgmk-PIxjlmzYsL5zXZNBEtfEWNKk-Qf0F-pCfkjQpzZe3nIYqGb3z9CIHS2y8dXSNGezlHU0WsQIgaXGwSugk5MRpdIXeKwjaaoaOTT9PX-MZ_JVJ5YUTpGEQ&amp;__tn__=q&amp;c[0]=AT4adTsf7Eg9IXmD5SU3aKKTuUzbLYEQ6DaSFtwwJTaBlWga3j2Bnv1HOzjCkcyc4F7SSQzZRTFM5dfoTPch5rW45z_U2lk-HUNI7eihr-oIj2pGQuZCorSMY_fylvKDSnqyZJ6Yhk9qTdEu_wdSguBd-kqyEh5Iiu4">https://janokarlik.pixenio.com/</a></p>



<p></p>



<p>📆 <strong>Organizace a přihlášení</strong></p>



<p> Kapacita: 10 účastníků</p>



<p>💰 Cena: 2200 Kč</p>



<p>💳 Přihláška je platná po uhrazení faktury, která vám bude zaslána na uvedený e-mail do 48 hodin od registrace.</p>



<p>📆 Registrace končí 11. dubna.</p>



<p>Přihláškový formulář: <a href="https://forms.gle/JMUYE7TxtWhQDKdg7?fbclid=IwZXh0bgNhZW0CMTAAYnJpZBExcFRmeXNtNGI2V2FTVWlFcHNydGMGYXBwX2lkEDIyMjAzOTE3ODgyMDA4OTIAAR7N7pWtb9FW1D5saEhevHPAeT-Gd2IgmsGFQmIUgO6ObNoywsLr7MNfKhLBWA_aem_EJCOhhAmNNWgLExxWlWpJw">https://forms.gle/JMUYE7TxtWhQDKdg7</a></p>



<p></p>

<p>Lidové motivy ve výtvarné tvorbě 📆 Termín: 18. dubna 2026 📍Místo konání: Radnická 10, Brno &#8211; Institut Paměti národa Brno 🕘 Harmonogram 10:30 – 12:30 Teoretická část 12:30 – 13:30 Oběd 13:30 – 17:30 Praktická část 📄 Přihláškový formulář: https://forms.gle/JMUYE7TxtWhQDKdg7 ✍️ Popis Jednodenní workshop pro všechny, kteří tvoří nebo by chtěli tvořit výtvarná díla inspirovaná [&hellip;]</p>
