{"id":177,"date":"2026-03-15T22:32:44","date_gmt":"2026-03-15T21:32:44","guid":{"rendered":"https:\/\/www.folkloracity.cz\/?page_id=177"},"modified":"2026-04-12T18:23:27","modified_gmt":"2026-04-12T16:23:27","slug":"lidove-motivy-v-grafickem-designu","status":"publish","type":"page","link":"https:\/\/www.folkloracity.cz\/index.php\/lidove-motivy-v-grafickem-designu\/","title":{"rendered":"Lidov\u00e9 motivy v grafick\u00e9m designu"},"content":{"rendered":"\n<h2 class=\"wp-block-heading\">Lidov\u00e9 motivy v grafick\u00e9m designu<\/h2>\n\n\n\n<p>\ud83d\udcc6 Term\u00edn: <strong>19. dubna 2026<\/strong><\/p>\n\n\n\n<p>\ud83d\udccdM\u00edsto kon\u00e1n\u00ed: <strong>Radnick\u00e1 10, Brno &#8211; Institut Pam\u011bti n\u00e1roda Brno<\/strong><\/p>\n\n\n\n<p>\ud83d\udd58 Harmonogram<\/p>\n\n\n\n<p>10:30 \u2013 12:30 Teoretick\u00e1 \u010d\u00e1st<\/p>\n\n\n\n<p>12:30 \u2013 13:30 Ob\u011bd<\/p>\n\n\n\n<p>13:30 \u2013 17:30 Praktick\u00e1 \u010d\u00e1st<\/p>\n\n\n\n<p>\ud83d\udcc4 P\u0159ihl\u00e1\u0161kov\u00fd formul\u00e1\u0159: <a href=\"https:\/\/forms.gle\/JMUYE7TxtWhQDKdg7?fbclid=IwZXh0bgNhZW0CMTAAYnJpZBExcFRmeXNtNGI2V2FTVWlFcHNydGMGYXBwX2lkEDIyMjAzOTE3ODgyMDA4OTIAAR5vcg7MU0v5M3DKBAZaBd5thkPxYYPY_4aVrzUOuigv1Z2v49SpPQ5sjH2OVw_aem_eDtIc4pDZEbC30nVim5fKg\">https:\/\/forms.gle\/JMUYE7TxtWhQDKdg7<\/a><\/p>\n\n\n\n<p>Jednodenn\u00ed workshop pro v\u0161echny, kte\u0159\u00ed tvo\u0159\u00ed nebo by cht\u011bli tvo\u0159it plak\u00e1ty a jin\u00e9 grafick\u00e9 materi\u00e1ly k folklorn\u00edm akc\u00edm a cht\u011bj\u00ed na\u010derpat nov\u00e9 zku\u0161enosti a inspiraci.<\/p>\n\n\n\n<p>Spole\u010dn\u011b se nau\u010d\u00edme vn\u00edmat kompozici, vztah mezi obrazem a p\u00edsmem a uk\u00e1\u017eeme si, jak tradi\u010dn\u00ed motivy mohou v\u00e9st dialog se sou\u010dasn\u00fdm designem. V \u00favodu se nech\u00e1me inspirovat uk\u00e1zkami folklorn\u00edch a autorsk\u00fdch plak\u00e1t\u016f, pov\u00edme si n\u011bco o tom, jak funguje p\u00edsmo, rytmus a kontrast v obraze, nakoukneme do historie plak\u00e1tov\u00e9 tvorby.<\/p>\n\n\n\n<p><strong>PODM\u00cdNKOU REGISTRACE<\/strong> je vlastn\u00ed notebook s nainstalovan\u00fdm softwarem Adobe Illustrator nebo obdobn\u00fdm a alespo\u0148 z\u00e1kladn\u00ed znalosti pr\u00e1ce s t\u00edmto programem.<\/p>\n\n\n\n<p>\u2615\ufe0f Na m\u00edst\u011b bude po cel\u00fd den k dispozici drobn\u00e9 ob\u010derstven\u00ed.<\/p>\n\n\n\n<p>\ud83d\udc68\u200d\ud83c\udfeb <strong>O lektorovi<\/strong><\/p>\n\n\n\n<p>Jan Karl\u00edk je slovensk\u00fd grafik, kter\u00fd stoj\u00ed za vizu\u00e1ln\u00ed identitou MFF Myjava, a tak\u00e9 za \u0159adou knih, ilustrac\u00ed a hudebn\u00edch nosi\u010d\u016f, p\u0159i jejich\u017e tvorb\u011b aktivn\u011b a osobit\u011b \u010derp\u00e1 inspiraci z tradi\u010dn\u00ed lidov\u00e9 kultury. Spolupracuje s Centrem tradi\u010dn\u00ed kultury v Myjav\u011b. Je tak\u00e9 aktivn\u00edm tane\u010dn\u00edkem a tane\u010dn\u00edm lektorem tanc\u016f z Bo\u0161\u00e1ce a Moravsk\u00e9ho Lieskov\u00e9ho. Ve voln\u00e9m \u010dase se v\u011bnuje malov\u00e1n\u00ed obraz\u016f s lidovou tematikou a taky tradi\u010dn\u00ed grafice jako je linoryt a kombinovan\u00e9 techniky.<\/p>\n\n\n\n<p>Portfolio prac\u00ed: <a href=\"https:\/\/janokarlik.pixenio.com\/?fbclid=IwZXh0bgNhZW0CMTAAYnJpZBExcFRmeXNtNGI2V2FTVWlFcHNydGMGYXBwX2lkEDIyMjAzOTE3ODgyMDA4OTIAAR5InYGsdVbrW6Op83Iv7buvtPTDcX80iuGnPj0YFQQvE7V0JZj2wehUGpggiQ_aem__MxS-uhmP47XZHz6ow_rzg\">https:\/\/janokarlik.pixenio.com\/<\/a><\/p>\n\n\n\n<p><\/p>\n\n\n\n<p>\ud83d\udcc6 <strong>Organizace a p\u0159ihl\u00e1\u0161en\u00ed<\/strong><\/p>\n\n\n\n<p>\ud83e\uddcd\u200d\u2640\ufe0f Kapacita: 10 \u00fa\u010dastn\u00edk\u016f<\/p>\n\n\n\n<p>\ud83d\udcb0 Cena: 2200 K\u010d<\/p>\n\n\n\n<p>\ud83d\udcb3 P\u0159ihl\u00e1\u0161ka je platn\u00e1 po uhrazen\u00ed faktury, kter\u00e1 v\u00e1m bude zasl\u00e1na na uveden\u00fd e-mail do 48 hodin od registrace.<\/p>\n\n\n\n<p>\ud83d\udcc6 Registrace kon\u010d\u00ed 12. dubna.<\/p>\n\n\n\n<p>\ud83d\udcc4 P\u0159ihl\u00e1\u0161kov\u00fd formul\u00e1\u0159: <a href=\"https:\/\/forms.gle\/JMUYE7TxtWhQDKdg7?fbclid=IwZXh0bgNhZW0CMTAAYnJpZBExcFRmeXNtNGI2V2FTVWlFcHNydGMGYXBwX2lkEDIyMjAzOTE3ODgyMDA4OTIAAR5JJmJbw4Rx7PGqGmoyINphrBa8ytx_r554gUVI2P7pFqpCnnzZ24BdNffaUA_aem_81ADiegcRSHFVro94IzAQQ\">https:\/\/forms.gle\/JMUYE7TxtWhQDKdg7<\/a><\/p>\n","protected":false},"excerpt":{"rendered":"<p>Lidov\u00e9 motivy v grafick\u00e9m designu \ud83d\udcc6 Term\u00edn: 19. dubna 2026 \ud83d\udccdM\u00edsto kon\u00e1n\u00ed: Radnick\u00e1 10, Brno &#8211; Institut Pam\u011bti n\u00e1roda Brno \ud83d\udd58 Harmonogram 10:30 \u2013 12:30 Teoretick\u00e1 \u010d\u00e1st 12:30 \u2013 13:30 Ob\u011bd 13:30 \u2013 17:30 Praktick\u00e1 \u010d\u00e1st \ud83d\udcc4 P\u0159ihl\u00e1\u0161kov\u00fd formul\u00e1\u0159: https:\/\/forms.gle\/JMUYE7TxtWhQDKdg7 Jednodenn\u00ed workshop pro v\u0161echny, kte\u0159\u00ed tvo\u0159\u00ed nebo by cht\u011bli tvo\u0159it plak\u00e1ty a jin\u00e9 grafick\u00e9 materi\u00e1ly [&hellip;]<\/p>\n","protected":false},"author":1,"featured_media":0,"parent":0,"menu_order":0,"comment_status":"closed","ping_status":"closed","template":"","meta":{"footnotes":""},"class_list":["post-177","page","type-page","status-publish","hentry"],"_links":{"self":[{"href":"https:\/\/www.folkloracity.cz\/index.php\/wp-json\/wp\/v2\/pages\/177","targetHints":{"allow":["GET"]}}],"collection":[{"href":"https:\/\/www.folkloracity.cz\/index.php\/wp-json\/wp\/v2\/pages"}],"about":[{"href":"https:\/\/www.folkloracity.cz\/index.php\/wp-json\/wp\/v2\/types\/page"}],"author":[{"embeddable":true,"href":"https:\/\/www.folkloracity.cz\/index.php\/wp-json\/wp\/v2\/users\/1"}],"replies":[{"embeddable":true,"href":"https:\/\/www.folkloracity.cz\/index.php\/wp-json\/wp\/v2\/comments?post=177"}],"version-history":[{"count":5,"href":"https:\/\/www.folkloracity.cz\/index.php\/wp-json\/wp\/v2\/pages\/177\/revisions"}],"predecessor-version":[{"id":201,"href":"https:\/\/www.folkloracity.cz\/index.php\/wp-json\/wp\/v2\/pages\/177\/revisions\/201"}],"wp:attachment":[{"href":"https:\/\/www.folkloracity.cz\/index.php\/wp-json\/wp\/v2\/media?parent=177"}],"curies":[{"name":"wp","href":"https:\/\/api.w.org\/{rel}","templated":true}]}}

Lidové motivy v grafickém designu

<h2 class="wp-block-heading">Lidové motivy v grafickém designu</h2>



<p>📆 Termín: <strong>19. dubna 2026</strong></p>



<p>📍Místo konání: <strong>Radnická 10, Brno &#8211; Institut Paměti národa Brno</strong></p>



<p>🕘 Harmonogram</p>



<p>10:30 – 12:30 Teoretická část</p>



<p>12:30 – 13:30 Oběd</p>



<p>13:30 – 17:30 Praktická část</p>



<p>📄 Přihláškový formulář: <a href="https://forms.gle/JMUYE7TxtWhQDKdg7?fbclid=IwZXh0bgNhZW0CMTAAYnJpZBExcFRmeXNtNGI2V2FTVWlFcHNydGMGYXBwX2lkEDIyMjAzOTE3ODgyMDA4OTIAAR5vcg7MU0v5M3DKBAZaBd5thkPxYYPY_4aVrzUOuigv1Z2v49SpPQ5sjH2OVw_aem_eDtIc4pDZEbC30nVim5fKg">https://forms.gle/JMUYE7TxtWhQDKdg7</a></p>



<p>Jednodenní workshop pro všechny, kteří tvoří nebo by chtěli tvořit plakáty a jiné grafické materiály k folklorním akcím a chtějí načerpat nové zkušenosti a inspiraci.</p>



<p>Společně se naučíme vnímat kompozici, vztah mezi obrazem a písmem a ukážeme si, jak tradiční motivy mohou vést dialog se současným designem. V úvodu se necháme inspirovat ukázkami folklorních a autorských plakátů, povíme si něco o tom, jak funguje písmo, rytmus a kontrast v obraze, nakoukneme do historie plakátové tvorby.</p>



<p><strong>PODMÍNKOU REGISTRACE</strong> je vlastní notebook s nainstalovaným softwarem Adobe Illustrator nebo obdobným a alespoň základní znalosti práce s tímto programem.</p>



<p>☕️ Na místě bude po celý den k dispozici drobné občerstvení.</p>



<p>👨‍🏫 <strong>O lektorovi</strong></p>



<p>Jan Karlík je slovenský grafik, který stojí za vizuální identitou MFF Myjava, a také za řadou knih, ilustrací a hudebních nosičů, při jejichž tvorbě aktivně a osobitě čerpá inspiraci z tradiční lidové kultury. Spolupracuje s Centrem tradiční kultury v Myjavě. Je také aktivním tanečníkem a tanečním lektorem tanců z Bošáce a Moravského Lieskového. Ve volném čase se věnuje malování obrazů s lidovou tematikou a taky tradiční grafice jako je linoryt a kombinované techniky.</p>



<p>Portfolio prací: <a href="https://janokarlik.pixenio.com/?fbclid=IwZXh0bgNhZW0CMTAAYnJpZBExcFRmeXNtNGI2V2FTVWlFcHNydGMGYXBwX2lkEDIyMjAzOTE3ODgyMDA4OTIAAR5InYGsdVbrW6Op83Iv7buvtPTDcX80iuGnPj0YFQQvE7V0JZj2wehUGpggiQ_aem__MxS-uhmP47XZHz6ow_rzg">https://janokarlik.pixenio.com/</a></p>



<p></p>



<p>📆 <strong>Organizace a přihlášení</strong></p>



<p>🧍‍♀️ Kapacita: 10 účastníků</p>



<p>💰 Cena: 2200 Kč</p>



<p>💳 Přihláška je platná po uhrazení faktury, která vám bude zaslána na uvedený e-mail do 48 hodin od registrace.</p>



<p>📆 Registrace končí 12. dubna.</p>



<p>📄 Přihláškový formulář: <a href="https://forms.gle/JMUYE7TxtWhQDKdg7?fbclid=IwZXh0bgNhZW0CMTAAYnJpZBExcFRmeXNtNGI2V2FTVWlFcHNydGMGYXBwX2lkEDIyMjAzOTE3ODgyMDA4OTIAAR5JJmJbw4Rx7PGqGmoyINphrBa8ytx_r554gUVI2P7pFqpCnnzZ24BdNffaUA_aem_81ADiegcRSHFVro94IzAQQ">https://forms.gle/JMUYE7TxtWhQDKdg7</a></p>

<p>Lidové motivy v grafickém designu 📆 Termín: 19. dubna 2026 📍Místo konání: Radnická 10, Brno &#8211; Institut Paměti národa Brno 🕘 Harmonogram 10:30 – 12:30 Teoretická část 12:30 – 13:30 Oběd 13:30 – 17:30 Praktická část 📄 Přihláškový formulář: https://forms.gle/JMUYE7TxtWhQDKdg7 Jednodenní workshop pro všechny, kteří tvoří nebo by chtěli tvořit plakáty a jiné grafické materiály [&hellip;]</p>
